{"id":15,"date":"2020-11-20T17:54:30","date_gmt":"2020-11-20T16:54:30","guid":{"rendered":"http:\/\/przedszkole113.openworld24.pl\/?page_id=15"},"modified":"2026-03-02T14:26:12","modified_gmt":"2026-03-02T13:26:12","slug":"oplaty","status":"publish","type":"page","link":"https:\/\/ple113.poznan.pl\/index.php\/dla-rodzicow\/oplaty\/","title":{"rendered":"Op\u0142aty"},"content":{"rendered":"\n<p><strong>Rok szkolny 2025\/2026<\/strong><\/p>\n\n\n\n<p>Op\u0142aty za korzystanie z przedszkola naliczane s\u0105 z do\u0142u.<\/p>\n\n\n\n<p>Op\u0142ata za przedszkole sk\u0142ada si\u0119 z dw\u00f3ch cz\u0119\u015bci:<\/p>\n\n\n\n<p>&#8211; op\u0142aty za pobyt zale\u017cnej od ilo\u015bci godzin pobytu dziecka w przedszkolu<\/p>\n\n\n\n<p><em>Uchwa\u0142a Nr III\/46\/IX\/2024 Rady Miasta Poznania z dnia 11-06-2024 zmieniaj\u0105ca uchwa\u0142\u0119 w sprawie okre\u015blenia czasu bezp\u0142atnego nauczania, wychowania i opieki oraz op\u0142at za korzystanie z wychowania przedszkolnego w przedszkolach i oddzia\u0142ach przedszkolnych w szko\u0142ach podstawowych prowadzonych przez Miasto Pozna\u0144.<\/em><\/p>\n\n\n\n<div class=\"wp-block-columns is-layout-flex wp-container-core-columns-is-layout-28f84493 wp-block-columns-is-layout-flex\">\n<div class=\"wp-block-column is-layout-flow wp-block-column-is-layout-flow\" style=\"flex-basis:100%\">\n<ul class=\"wp-block-list\">\n<li>bezp\u0142atny pobyt w godzinach 8:00 &#8211; 13:00<\/li>\n\n\n\n<li>pozosta\u0142e godziny: 6:00 &#8211; 8:00 i 13:00 &#8211; 17:00 p\u0142atne 1, 44 z\u0142 za ka\u017cd\u0105 rozpocz\u0119t\u0105 godzin\u0119<\/li>\n\n\n\n<li>dzieci realizuj\u0105ce obowi\u0105zek rocznego przygotowania przedszkolnego zwolnione s\u0105 z op\u0142aty godzinowej<\/li>\n\n\n\n<li>wysoko\u015b\u0107 op\u0142aty za korzystanie z wychowania przedszkolnego dzieci obj\u0119tych wychowaniem przedszkolnym do ko\u0144ca roku szkolnego w roku kalendarzowym, w kt\u00f3rym ucze\u0144 ko\u0144czy 6 lat, wynosi 1, 44 z\u0142 za ka\u017cd\u0105 rozpocz\u0119t\u0105 godzin\u0119 zaj\u0119\u0107 podczas pobytu dziecka w przedszkolu<\/li>\n<\/ul>\n<\/div>\n<\/div>\n\n\n\n<p>-op\u0142ata za \u017cywienie<\/p>\n\n\n\n<p>Stawka \u017cywieniowa wynosi 12,00 z\u0142 (pierwsze \u015bniadanie, drugie \u015bniadanie, obiad) x ilo\u015b\u0107 dni w miesi\u0105cu<\/p>\n\n\n\n<p>Op\u0142aty za przedszkole nale\u017cy regulowa\u0107 za po\u015brednictwem kont bankowych przypisanych do danego dziecka,  do 20- go dnia ka\u017cdego miesi\u0105ca.<\/p>\n\n\n\n<p><\/p>\n","protected":false},"excerpt":{"rendered":"<p>Rok szkolny 2025\/2026 Op\u0142aty za korzystanie z przedszkola naliczane s\u0105 z do\u0142u. Op\u0142ata za przedszkole sk\u0142ada si\u0119 z dw\u00f3ch cz\u0119\u015bci: &#8211; op\u0142aty za pobyt zale\u017cnej od ilo\u015bci godzin pobytu dziecka w przedszkolu Uchwa\u0142a Nr III\/46\/IX\/2024 Rady Miasta Poznania z dnia 11-06-2024 zmieniaj\u0105ca uchwa\u0142\u0119 w sprawie okre\u015blenia czasu bezp\u0142atnego nauczania, wychowania i opieki oraz op\u0142at za [&hellip;]<\/p>\n","protected":false},"author":1,"featured_media":0,"parent":93,"menu_order":0,"comment_status":"closed","ping_status":"closed","template":"","meta":{"footnotes":""},"class_list":["post-15","page","type-page","status-publish","hentry"],"_links":{"self":[{"href":"https:\/\/ple113.poznan.pl\/index.php\/wp-json\/wp\/v2\/pages\/15","targetHints":{"allow":["GET"]}}],"collection":[{"href":"https:\/\/ple113.poznan.pl\/index.php\/wp-json\/wp\/v2\/pages"}],"about":[{"href":"https:\/\/ple113.poznan.pl\/index.php\/wp-json\/wp\/v2\/types\/page"}],"author":[{"embeddable":true,"href":"https:\/\/ple113.poznan.pl\/index.php\/wp-json\/wp\/v2\/users\/1"}],"replies":[{"embeddable":true,"href":"https:\/\/ple113.poznan.pl\/index.php\/wp-json\/wp\/v2\/comments?post=15"}],"version-history":[{"count":20,"href":"https:\/\/ple113.poznan.pl\/index.php\/wp-json\/wp\/v2\/pages\/15\/revisions"}],"predecessor-version":[{"id":5366,"href":"https:\/\/ple113.poznan.pl\/index.php\/wp-json\/wp\/v2\/pages\/15\/revisions\/5366"}],"up":[{"embeddable":true,"href":"https:\/\/ple113.poznan.pl\/index.php\/wp-json\/wp\/v2\/pages\/93"}],"wp:attachment":[{"href":"https:\/\/ple113.poznan.pl\/index.php\/wp-json\/wp\/v2\/media?parent=15"}],"curies":[{"name":"wp","href":"https:\/\/api.w.org\/{rel}","templated":true}]}}