{"id":21,"date":"2020-11-20T17:55:22","date_gmt":"2020-11-20T16:55:22","guid":{"rendered":"http:\/\/przedszkole113.openworld24.pl\/?page_id=21"},"modified":"2026-02-17T19:21:55","modified_gmt":"2026-02-17T18:21:55","slug":"nasz-dzien","status":"publish","type":"page","link":"https:\/\/ple113.poznan.pl\/index.php\/nasz-dzien\/","title":{"rendered":"Nasz dzie\u0144"},"content":{"rendered":"\n<h4 class=\"wp-block-heading\">Ramowy rozk\u0142ad dnia<\/h4>\n\n\n\n<p><strong>6.00<\/strong><br>&#8211; kontakty indywidualne z dzie\u0107mi i rodzicami<br>&#8211; czynno\u015bci i zabawy podejmowane przez dzieci z w\u0142asnej inicjatywy wed\u0142ug indywidualnych zainteresowa\u0144<br>&#8211; praca stymuluj\u0105co-wyr\u00f3wnawcza indywidualna lub w ma\u0142ych zespo\u0142ach<\/p>\n\n\n\n<p><strong>8.20<\/strong><br>&#8211; zabawy orientacyjno-porz\u0105dkowe ze \u015bpiewem<br>&#8211; \u0107wiczenia gimnastyczne przy muzyce<br>&#8211; zabiegi higieniczne<\/p>\n\n\n\n<p><strong>8.40<\/strong> <br>&#8211; \u015bniadanie<\/p>\n\n\n\n<p><strong>9.00<\/strong><br>&#8211; zaj\u0119cia programowe, zabawy, spacery, wycieczki<br>&#8211; kontakty okoliczno\u015bciowe, uroczysto\u015bci zwi\u0105zane z realizacj\u0105 ustalonych w planach cel\u00f3w<br>&#8211; zaj\u0119cia dodatkowe<br>&#8211; pobyt na powietrzu &#8211; zabawy dowolne z elementami rozwijania sprawno\u015bci fizycznej i ruchowej<br>&#8211; zabiegi higieniczne<\/p>\n\n\n\n<p><strong>11.15<\/strong><br>&#8211; drugie \u015bniadanie<\/p>\n\n\n\n<p><strong>11.30 &#8211; 13.15<\/strong><br>&#8211; odpoczynek- ( grupa trzylatk\u00f3w )<br>&#8211; s\u0142uchanie ksi\u0105\u017cek czytanych przez nauczyciela<br>&#8211; grupa 5 i 6-latk\u00f3w &#8211; zaj\u0119cia popo\u0142udniowe&nbsp;, zabawy w ogrodzie przedszkolnym<\/p>\n\n\n\n<p><strong>13.30 &#8211; 14.00<\/strong><br>&#8211; obiad&nbsp;&nbsp;&nbsp; &nbsp;&nbsp;&nbsp;&nbsp;<\/p>\n\n\n\n<p><strong>14.00 &#8211; 17.00<\/strong><\/p>\n\n\n\n<p>&#8211; s\u0142uchanie ksi\u0105\u017cek czytanych przez nauczyciela, bajki &#8211; s\u0142uchowiska<br>&#8211; \u0107wiczenia i zabawy utrwalaj\u0105ce, ortofoniczne, tematyczne, manipulacyjne i konstrukcyjne<br>&#8211; czynno\u015bci i zabawy podejmowane przez dzieci z w\u0142asnej inicjatywy wed\u0142ug indywidualnych zainteresowa\u0144<br>&#8211; kontakty z rodzicami.<\/p>\n\n\n\n<p>&nbsp;<strong>Przedszkole jest czynne w godzinach 6.00 &#8211; 17.00<\/strong><\/p>\n","protected":false},"excerpt":{"rendered":"<p>Ramowy rozk\u0142ad dnia 6.00&#8211; kontakty indywidualne z dzie\u0107mi i rodzicami&#8211; czynno\u015bci i zabawy podejmowane przez dzieci z w\u0142asnej inicjatywy wed\u0142ug indywidualnych zainteresowa\u0144&#8211; praca stymuluj\u0105co-wyr\u00f3wnawcza indywidualna lub w ma\u0142ych zespo\u0142ach 8.20&#8211; zabawy orientacyjno-porz\u0105dkowe ze \u015bpiewem&#8211; \u0107wiczenia gimnastyczne przy muzyce&#8211; zabiegi higieniczne 8.40 &#8211; \u015bniadanie 9.00&#8211; zaj\u0119cia programowe, zabawy, spacery, wycieczki&#8211; kontakty okoliczno\u015bciowe, uroczysto\u015bci zwi\u0105zane z realizacj\u0105 [&hellip;]<\/p>\n","protected":false},"author":1,"featured_media":0,"parent":0,"menu_order":0,"comment_status":"closed","ping_status":"closed","template":"","meta":{"footnotes":""},"class_list":["post-21","page","type-page","status-publish","hentry"],"_links":{"self":[{"href":"https:\/\/ple113.poznan.pl\/index.php\/wp-json\/wp\/v2\/pages\/21","targetHints":{"allow":["GET"]}}],"collection":[{"href":"https:\/\/ple113.poznan.pl\/index.php\/wp-json\/wp\/v2\/pages"}],"about":[{"href":"https:\/\/ple113.poznan.pl\/index.php\/wp-json\/wp\/v2\/types\/page"}],"author":[{"embeddable":true,"href":"https:\/\/ple113.poznan.pl\/index.php\/wp-json\/wp\/v2\/users\/1"}],"replies":[{"embeddable":true,"href":"https:\/\/ple113.poznan.pl\/index.php\/wp-json\/wp\/v2\/comments?post=21"}],"version-history":[{"count":11,"href":"https:\/\/ple113.poznan.pl\/index.php\/wp-json\/wp\/v2\/pages\/21\/revisions"}],"predecessor-version":[{"id":5327,"href":"https:\/\/ple113.poznan.pl\/index.php\/wp-json\/wp\/v2\/pages\/21\/revisions\/5327"}],"wp:attachment":[{"href":"https:\/\/ple113.poznan.pl\/index.php\/wp-json\/wp\/v2\/media?parent=21"}],"curies":[{"name":"wp","href":"https:\/\/api.w.org\/{rel}","templated":true}]}}